e factors of 808?
2, 101
List the prime factors of 144681.
3, 29, 1663
What are the prime factors of 723?
3, 241
List the prime factors of 873.
3, 97
What are the prime factors of 10478?
2, 13, 31
What are the prime factors of 681?
3, 227
List the prime factors of 621.
3, 23
List the prime factors of 19890.
2, 3, 5, 13, 17
List the prime factors of 41032.
2, 23, 223
List the prime factors of 2218.
2, 1109
What are the prime factors of 793?
13, 61
List the prime factors of 3604.
2, 17, 53
What are the prime factors of 1018?
2, 509
What are the prime factors of 203?
7, 29
List the prime factors of 14284.
2, 3571
What are the prime factors of 3631?
3631
What are the prime factors of 49704?
2, 3, 19, 109
What are the prime factors of 7684?
2, 17, 113
List the prime factors of 10114.
2, 13, 389
What are the prime factors of 115452?
2, 3, 1069
List the prime factors of 28048.
2, 1753
What are the prime factors of 7826?
2, 7, 13, 43
List the prime factors of 2840.
2, 5, 71
What are the prime factors of 19?
19
List the prime factors of 233.
233
List the prime factors of 4894.
2, 2447
What are the prime factors of 2059?
29, 71
What are the prime factors of 712?
2, 89
List the prime factors of 1270.
2, 5, 127
What are the prime factors of 16488?
2, 3, 229
List the prime factors of 13536.
2, 3, 47
List the prime factors of 3529.
3529
What are the prime factors of 27960?
2, 3, 5, 233
List the prime factors of 111.
3, 37
What are the prime factors of 7377?
3, 2459
What are the prime factors of 1975?
5, 79
List the prime factors of 74.
2, 37
List the prime factors of 343.
7
List the prime factors of 485.
5, 97
What are the prime factors of 3942?
2, 3, 73
What are the prime factors of 2221?
2221
List the prime factors of 14055.
3, 5, 937
What are the prime factors of 818?
2, 409
List the prime factors of 1381.
1381
What are the prime factors of 421?
421
List the prime factors of 1379.
7, 197
List the prime factors of 7545.
3, 5, 503
What are the prime factors of 28498?
2, 14249
What are the prime factors of 4540?
2, 5, 227
What are the prime factors of 181?
181
What are the prime factors of 1993?
1993
List the prime factors of 748.
2, 11, 17
List the prime factors of 7483.
7, 1069
What are the prime factors of 762?
2, 3, 127
What are the prime factors of 326?
2, 163
What are the prime factors of 8864?
2, 277
List the prime factors of 7086.
2, 3, 1181
What are the prime factors of 676?
2, 13
List the prime factors of 19060.
2, 5, 953
What are the prime factors of 677?
677
What are the prime factors of 1891?
31, 61
What are the prime factors of 14711?
47, 313
List the prime factors of 6916.
2, 7, 13, 19
What are the prime factors of 8123?
8123
What are the prime factors of 21832?
2, 2729
List the prime factors of 178.
2, 89
List the prime factors of 12704.
2, 397
What are the prime factors of 23?
23
List the prime factors of 13782.
2, 3, 2297
List the prime factors of 23965.
5, 4793
What are the prime factors of 31983?
3, 7, 1523
What are the prime factors of 947?
947
List the prime factors of 1516.
2, 379
What are the prime factors of 5770?
2, 5, 577
What are the prime factors of 26533?
13, 157
List the prime factors of 6725.
5, 269
List the prime factors of 764.
2, 191
What are the prime factors of 236?
2, 59
What are the prime factors of 908?
2, 227
List the prime factors of 904.
2, 113
List the prime factors of 1547.
7, 13, 17
List the prime factors of 4377.
3, 1459
List the prime factors of 42279.
3, 17, 829
List the prime factors of 73243.
73243
What are the prime factors of 278?
2, 139
What are the prime factors of 1425?
3, 5, 19
What are the prime factors of 479?
479
List the prime factors of 17757.
3, 1973
List the prime factors of 29216.
2, 11, 83
What are the prime factors of 31285?
5, 6257
What are the prime factors of 162394?
2, 81197
List the prime factors of 7074.
2, 3, 131
What are the prime factors of 5858?
2, 29, 101
What are the prime factors of 5303?
5303
List the prime factors of 73883.
73883
List the prime factors of 250.
2, 5
What are the prime factors of 7911?
3, 293
What are the prime factors of 106324?
2, 19, 1399
List the prime factors of 3944.
2, 17, 29
List the prime factors of 3155.
5, 631
What are the prime factors of 10125?
3, 5
List the prime factors of 85280.
2, 5, 13, 41
What are the prime factors of 2043?
3, 227
List the prime factors of 59593.
23, 2591
List the prime factors of 4892.
2, 1223
List the prime factors of 1112.
2, 139
What are the prime factors of 11747?
17, 691
List the prime factors of 793.
13, 61
List the prime factors of 17972.
2, 4493
What are the prime factors of 932?
2, 233
List the prime factors of 155656.
2, 19457
List the prime factors of 9002.
2, 7, 643
What are the prime factors of 46422?
2, 3, 2579
What are the prime factors of 774?
2, 3, 43
List the prime factors of 519.
3, 173
What are the prime factors of 14893?
53, 281
List the prime factors of 2759.
31, 89
List the prime factors of 29284.
2, 7321
What are the prime factors of 1817?
23, 79
List the prime factors of 2396.
2, 599
What are the prime factors of 50830?
2, 5, 13, 17, 23
What are the prime factors of 294?
2, 3, 7
List the prime factors of 7111.
13, 547
List the prime factors of 20.
2, 5
What are the prime factors of 1379?
7, 197
List the prime factors of 962.
2, 13, 37
What are the prime factors of 119186?
2, 23, 2591
List the prime factors of 757.
757
List the prime factors of 1240.
2, 5, 31
What are the prime factors of 25476?
2, 3, 11, 193
What are the prime factors of 1799?
7, 257
List the prime factors of 2970.
2, 3, 5, 11
List the prime factors of 7720.
2, 5, 193
List the prime factors of 100048.
2, 13, 37
What are the prime factors of 43225?
5, 7, 13, 19
What are the prime factors of 3254?
2, 1627
List the prime factors of 1003.
17, 59
What are the prime factors of 197?
197
List the prime factors of 3847.
3847
List the prime factors of 78807.
3, 109, 241
List the prime factors of 32953.
31, 1063
List the prime factors of 350.
2, 5, 7
List the prime factors of 65115.
3, 5, 1447
What are the prime factors of 530?
2, 5, 53
List the prime factors of 3705.
3, 5, 13, 19
List the prime factors of 70356.
2, 3, 11, 13, 41
List the prime factors of 145304.
2, 41, 443
What are the prime factors of 40876?
2, 11, 929
List the prime factors of 72988.
2, 71, 257
What are the prime factors of 1644?
2, 3, 137
List the prime factors of 4869.
3, 541
What are the prime factors of 46208?
2, 19
What are the prime factors of 1300?
2, 5, 13
What are the prime factors of 38033?
73, 521
List the prime factors of 12727.
11, 13, 89
List the prime factors of 29081.
13, 2237
List the prime factors of 5910.
2, 3, 5, 197
What are the prime factors of 4244?
2, 1061
List the prime factors of 1754.
2, 877
List the prime factors of 15560.
2, 5, 389
What are the prime factors of 1335?
3, 5, 89
What are the prime factors of 105878?
2, 167, 317
What are the prime factors of 9711?
3, 13, 83
What are the prime factors of 57387?
3, 11, 37, 47
List the prime factors of 11414.
2, 13, 439
List the prime factors of 8655.
3, 5, 577
List the prime factors of 1334.
2, 23, 29
List the prime factors of 3406.
2, 13, 131
List the prime factors of 3828.
2, 3, 11, 29
What are the prime factors of 1367?
1367
List the prime factors of 2431.
11, 13, 17
List the prime factors of 158.
2, 79
List the prime factors of 6210.
2, 3, 5, 23
List the prime factors of 12403.
79, 157
What are the prime factors of 895?
5, 179
List the prime factors of 82753.
11, 7523
List the prime factors of 79894.
2, 43, 929
List the prime factors of 462.
2, 3, 7, 11
What are the prime factors of 8080?
2, 5, 101
What are the prime factors of 17327?
17327
What are the prime factors of 1771?
7, 11, 23
What are the prime factors of 17435?
5, 11, 317
List the prime factors of 2057.
11, 17
What are the prime factors of 8261?
11, 751
List the prime factors of 13696.
2, 107
List the prime factors of 1559.
1559
What are the prime factors of 427?
7, 61
What are the prime factors of 9568?
2, 13, 23
List the prime factors of 458.
2, 229
List the prime factors of 9172.
2, 2293
List the prime factors of 989.
23, 43
List the prime factors of 871.
13, 67
List the prime factors of 436.
2, 109
List the prime factors of 960.
